e -3*s = -3*d + 27, -3*d + 3*s - 7*s = -6. Let v be 60/d*(-4)/10. Is 1 - 1488*(-2)/(-12)*v composite?
True
Suppose w = p - w - 2128, 2*p + 2*w - 4244 = 0. Suppose 2*v - 1712 = -4*o - 2*v, -5*o = -3*v - p. Let h = o + -128. Is h composite?
True
Suppose -2*j + 344385 = i, -5*j + 344361 = -412*i + 413*i. Is i composite?
True
Let d be (5 + 138/(-30))/((-10)/(-75)). Is (1347710/15)/13 + (-1)/d prime?
True
Suppose 5*a - 4*a + 4 = 0, j = -5*a - 7. Suppose 0 = -3*b - 4*t + 20334, 0 = -12*b + j*b - 3*t - 6778. Is b a prime number?
False
Let a be (1 + 1)*((-5)/(-2) - 0). Suppose -a*f - 3*x = -3553 - 66976, -5*x - 14117 = -f. Suppose -2*m - f = -3*c - 0*c, -5*m = -20. Is c prime?
False
Let h(w) = -w**3 + 2*w**2 + 2*w + 3. Let m be h(3). Suppose -4*p - 2*g = -8870, -5*g + 14 + 11 = m. Is p a prime number?
False
Let b be -8 + 15/5 - 95. Let w = -93 - -486. Let q = b + w. Is q composite?
False
Let x be (-60)/16 + 4 - (-410)/(-40). Is 69/(-115) - 134876/x a prime number?
True
Let o(a) = -27*a**3 - 4*a**2 - 7*a - 9. Let u be o(8). Let m = 20806 + u. Is m composite?
False
Let a = 2078136 + -393851. Is a composite?
True
Suppose -6*h + h = -710. Suppose -2*q - 666 = -h. Let c = q - -677. Is c prime?
False
Let j(n) = -33*n**3 - 2*n**2 - 18*n + 4. Let z be -3 + (6 - (-3 - -5) - 6). Is j(z) a composite number?
True
Suppose -2*o + k = -3893, -3*o + 2*o + 1964 = 3*k. Suppose -p + 2364 = -o. Let v = p + -2556. Is v composite?
True
Suppose 3*b - 22533 = 4*z, 4*b + z - 30044 = 3*z. Suppose -s + 6215 = -3*d, 3*s + d = b + 11094. Let h = s - 3280. Is h composite?
True
Let x = -5609 + 9797. Let q = x + -1777. Is q composite?
False
Suppose 149*w - 69 = 126*w. Is w/9*-3 - -18464 prime?
False
Let i(r) = 215*r - 2094. Is i(43) prime?
True
Let l be (-10)/(-2)*(-3544)/(-10). Let r(w) = 3*w**2 - 21*w - 66. Let o be r(-9). Suppose -l = -2*h + 2*s, -h = -5*s - o - 508. Is h a prime number?
False
Let z(u) = -23*u - 149. Let b be z(-9). Let v = b + -51. Is v a prime number?
True
Let b = -9367 + 27516. Is b a composite number?
False
Suppose 0 = 5*m - 14353 - 43842. Is m composite?
True
Suppose -z + 5*z + 5 = -3*c, -2*c - 2*z = 0. Let t(a) = 1 - 5*a**2 - 10 + 9*a + 2*a**3 + 1 - 1. Is t(c) prime?
False
Suppose 5*g + 3*r - 7886 = 0, -5*g + 12099 = r + 4207. Suppose g = 6*c - 803. Is c a prime number?
True
Let i(j) = 420*j - 367. Let w = 839 - 811. Is i(w) prime?
True
Suppose 35*o - 38*o = -2*p - 99359, 2*o + 3*p = 66248. Is o prime?
False
Let m = -258 - -259. Is (-1 - -3) + m - -2842 composite?
True
Let d(w) = -2*w + 20. Let p be d(7). Suppose u - p*u = -1645. Let z = u + -138. Is z a prime number?
True
Let r = 38333 - -54000. Is r a composite number?
False
Let u(n) = 1844*n**2 + 170*n + 985. Is u(-6) composite?
True
Suppose -5*o = 3*b + 5, 2*o - 5*o - 3 = -b. Suppose -i - k = 9, b = -0*k + k + 5. Is (-7 - i)/((-15)/455) composite?
True
Let u(v) = 5040*v**2 + v + 13. Let w be u(3). Let r = w - 26781. Is r prime?
False
Let n be ((-287)/(-42) - 7)*-12. Suppose -n*r = -4006 - 1608. Is r composite?
True
Let u = 35 + -67. Let q = -26 - u. Let m(d) = 5*d**2 + 6*d - 29. Is m(q) prime?
False
Suppose 2*f = -3*f + 30. Let t be 38/(f/10 - (-581)/(-1085)). Is t - (-2 - -3)/(-1) - 3 a prime number?
True
Let r = -58 - 26. Let j = 86 + r. Suppose 2*w - 1503 = -3*z, 0*z - 3*z + j*w + 1491 = 0. Is z prime?
True
Let k be ((-12)/15)/(-2) + (-96)/(-10). Let m be ((-5)/(-5))/(2/k). Is 294 - (m/(-10) - (-14)/4) prime?
False
Is 37/(15651/(-18)) - 8161227/(-141) prime?
True
Let f = 1489 + 148. Let o = f + -946. Suppose 825 + o = 4*a. Is a prime?
True
Let b be 4 - -1 - 22715/7. Let c be 1*14037/(7 - 4). Let v = b + c. Is v prime?
True
Let f(a) = -a**3 + 3*a**2 + a + 10. Let l be f(4). Is (1/l)/(7/(-24598)) a prime number?
False
Suppose -380048 = 5*o - 25*o + 572532. Is o a prime number?
True
Let p = 531 - 253. Let w = p + -104. Is 1*-3*w/36*-82 a composite number?
True
Suppose b - 4*b + 17 = -x, -b - 5*x = 5. Let t be (b/(-15))/((-2)/12) + 1. Suppose -i + s + 490 = -t*s, -4*s + 1518 = 3*i. Is i a prime number?
False
Suppose -403*j - 10819781 = -408*j - f, -j = 2*f - 2163949. Is j a composite number?
True
Let j = -894 - -521. Let z = j + 1527. Is z prime?
False
Let k be -1969*7*3/21. Let f = 3288 + k. Is f a prime number?
True
Let w = -92026 - -173865. Is w prime?
True
Suppose 4*d = 5*i - 1778293, -3*d - 148474 = -i + 207189. Is i composite?
True
Suppose -4*l - 483 = -2*l - r, 2*r = l + 234. Let w = 535 - l. Is w a prime number?
False
Let r be (-237160)/(-36) - (10/9)/(-5). Let h = r - 1523. Is h a prime number?
False
Let o(y) be the third derivative of 3/8*y**4 - 1/60*y**5 + 0 - 4/3*y**3 + 0*y - 12*y**2. Is o(6) prime?
False
Suppose -246*g = -178*g - 9959212. Is g a composite number?
True
Suppose -159681 - 145218 = -21*l. Is l a prime number?
True
Suppose 32*x - 30*x - 5*b - 39649 = 0, 4*b - 19857 = -x. Is x prime?
False
Suppose 4*l - 902 = 470. Let m be (0 + -2)*(4 - 6). Suppose m*c = 3*y - 285, 3*y - l = -5*c - 85. Is y a composite number?
True
Is (-47530940)/(-148) - 1*-8 a composite number?
False
Suppose 0 = 4*o - b - 377, -3*b = o - 78 - 26. Suppose o*p + 3814 = 97*p. Is p composite?
False
Let m = -268 + 881. Is m a prime number?
True
Suppose -4*p - p - 5*s = -5711865, 4*p = 3*s + 4569464. Is p composite?
True
Suppose 8736 = -128*z + 107*z. Let b(j) = -8*j - 1. Let o be b(1). Let l = o - z. Is l a composite number?
True
Let k = -15444 - -24473. Is k a prime number?
True
Suppose 2*o + g = -1141, -3*o + 2*o - 5*g = 575. Let u = -396 - o. Suppose -5*y = -d + u, -4*d + 2*y = -9*d + 789. Is d a prime number?
False
Let h be 6782/5 + 39/65. Let y = h + 1466. Is y a prime number?
False
Suppose 17 + 9 = 13*n. Suppose 2 = n*u, -u - 3332 - 2733 = -3*a. Suppose -5*o - o = -a. Is o composite?
False
Suppose -3*c = -0*c + 3, -3*a + c + 9742 = 0. Let t = 9147 + a. Is t a prime number?
False
Suppose -7*m + 33 = 4*m. Suppose 2972 = m*b - 8515. Is b prime?
False
Let h = 65 + 16. Suppose 2*r - 5*j - 192 = 0, -12*r - 3*j - 270 = -15*r. Suppose r*w - h*w - 21325 = 0. Is w a prime number?
False
Let d(q) = -39*q**3 - 3*q**2 - 8*q - 4. Let f be d(-12). Suppose -5*o - f = -2*c, -2*o - 2*c = o + 40228. Is o/(-42) - (-6)/(-21) composite?
True
Let i = 25 - 53. Let c = i - -28. Is 33 - c/(-4) - 0 prime?
False
Suppose 11*j + 4 = 26. Suppose 2*r - 6 = 4*r, 0 = -j*x - r - 11. Is (-14370)/x*(-6)/(-9) a prime number?
False
Suppose 0 = -100*m + 5058875 - 1635775. Is m composite?
False
Suppose -93*c - 2837596 + 10722787 = 0. Is c a prime number?
True
Suppose 6*r - 13*r = -21. Suppose 580 = r*v + 76. Let k = 23 + v. Is k prime?
True
Suppose -2*l + 12 = -2*g, -2*l - l = 3*g + 12. Let o be (-4410)/(-5) + -3 + l. Suppose -2*z + 2661 = 3*y, -y + z + o = 4*z. Is y composite?
True
Suppose 6 = 3*i - 9. Let t(g) = 6*g + 285*g + 6 - 1 - 1. Is t(i) composite?
False
Let a = 35 - 44. Let g = a + 12. Suppose g*m - i - 3165 = 0, -3*m + 5*i = -m - 2110. Is m a prime number?
False
Suppose 0 = t + 138*a - 133*a + 1, -3*a = t - 1. Let v be 179/((3 + -1)/10). Suppose 3*p + 7 = -2, 3*p - v = -t*d. Is d a prime number?
False
Let u be 0 + -201*25 - 0. Let l = u - -1267. Is -5 + (4 - l) - (0 - 4) prime?
True
Suppose -13*k = -47*k - 51*k + 6345505. Is k prime?
True
Suppose -39*s + 4*m = -37*s - 108434, -5*s - m + 271107 = 0. Is s composite?
True
Let u = 1680 + -133. Is 4 + u/(-14)*(-55 + 1) prime?
False
Suppose z = -o + 376, 4*z + o - 1896 = -z. Let l = -924 + z. Let b = 993 + l. Is b a composite number?
False
Suppose -26*u = 34*u - 18*u. Let z(d) = 20*d + 27179. Is z(u) composite?
False
Suppose -4*g - 12303 = -3*k, 2*g + 14691 = 5*k - 5842. Is k a prime number?
False
Let n(b) = 124*b**2. Let l be n(3). Suppose 2*u = 152 + l. Is u composite?
True
Suppose -25*u + 21*u + 5*i = 56, 2*u + 2*i + 10 = 0. Is -1*u/(-6) + (-4589)/(-2) a composite number?
False
Let o = -264 - -749. Let l = o + -847. Is (2/(16/l))/((-2)/56) prime?
False
Let d be (-3)/5 + (-1392)/(-120). Suppose -3*a + d = t, -7*t + 5*t = -4. Suppose -5*j + 2*y = -2*j - 17331, -a*j + 17340 = y. Is j composite?
False
Is (-1)/(((-91)/(-78))/7)*536671/(-6) a composite number?
False
Suppose 354*p - 359*p = -5*t - 360705, 4*t + 8 = 0. Is p a prime number?
True
Let l = -2009 - -8768. Let q be (1 - 4327/5)*-5. Let 